{"id":611,"date":"2015-05-05T07:56:48","date_gmt":"2015-05-05T05:56:48","guid":{"rendered":"http:\/\/ihr-hochzeitsplaner.eu\/?page_id=611"},"modified":"2015-06-12T16:20:59","modified_gmt":"2015-06-12T14:20:59","slug":"jubilaeen","status":"publish","type":"page","link":"https:\/\/ihr-hochzeitsplaner.eu\/?page_id=611","title":{"rendered":"Silberhochzeiten"},"content":{"rendered":"<section id=\"page\">\n<div class=\"container\">\n<div class=\"row\">\n<div class=\"col-md-12 column\">\n<article id=\"page-content\" class=\"clearfix edit-styles\">\n<div class=\"text-edit post post-77 page type-page status-publish hentry\">\n<p>Seit 25 Jahren verbringen Sie nun Ihr Leben mit dem Menschen, den Sie lieben. Es gab gute und schlechte Zeiten, H\u00f6hen und Tiefen und\u00a0 Momente in denen Ihre Ehe auf die Probe gestellt wurde, aber Sie haben zusammen gehalten! In der heutigen Zeit ist das nicht selbstverst\u00e4ndlich, aber nun k\u00f6nnen Sie mit Freude zur\u00fcckblicken und haben jeden Grund zum Feiern!<\/p>\n<p>Das silberne Hochzeitsjubil\u00e4um ist ein wundervoller Anlass f\u00fcr ein rauschendes Fest! Und daf\u00fcr sind wir genau die richtigen Ansprechpartner. Wenn Sie es w\u00fcnschen schwelgen wir mit Ihren G\u00e4sten in Erinnerungen an rockige N\u00e4chte, lassen Sie zu Rumba oder Salsa das Tanzbein schwingen, oder sorgen f\u00fcr romantische Stimmung.<\/p>\n<\/div>\n<\/article>\n<\/div>\n<\/div>\n<\/div>\n<\/section>\n","protected":false},"excerpt":{"rendered":"<p>Seit 25 Jahren verbringen Sie nun Ihr Leben mit dem Menschen, den Sie lieben. Es gab gute und schlechte Zeiten, H\u00f6hen und Tiefen und\u00a0 Momente in denen Ihre Ehe auf die Probe gestellt wurde, aber Sie haben zusammen gehalten! In der heutigen Zeit ist das nicht selbstverst\u00e4ndlich, aber nun k\u00f6nnen [&hellip;]<\/p>\n","protected":false},"author":1,"featured_media":0,"parent":0,"menu_order":0,"comment_status":"closed","ping_status":"closed","template":"page-sidebar-right.php","meta":{"footnotes":""},"_links":{"self":[{"href":"https:\/\/ihr-hochzeitsplaner.eu\/index.php?rest_route=\/wp\/v2\/pages\/611"}],"collection":[{"href":"https:\/\/ihr-hochzeitsplaner.eu\/index.php?rest_route=\/wp\/v2\/pages"}],"about":[{"href":"https:\/\/ihr-hochzeitsplaner.eu\/index.php?rest_route=\/wp\/v2\/types\/page"}],"author":[{"embeddable":true,"href":"https:\/\/ihr-hochzeitsplaner.eu\/index.php?rest_route=\/wp\/v2\/users\/1"}],"replies":[{"embeddable":true,"href":"https:\/\/ihr-hochzeitsplaner.eu\/index.php?rest_route=%2Fwp%2Fv2%2Fcomments&post=611"}],"version-history":[{"count":11,"href":"https:\/\/ihr-hochzeitsplaner.eu\/index.php?rest_route=\/wp\/v2\/pages\/611\/revisions"}],"predecessor-version":[{"id":983,"href":"https:\/\/ihr-hochzeitsplaner.eu\/index.php?rest_route=\/wp\/v2\/pages\/611\/revisions\/983"}],"wp:attachment":[{"href":"https:\/\/ihr-hochzeitsplaner.eu\/index.php?rest_route=%2Fwp%2Fv2%2Fmedia&parent=611"}],"curies":[{"name":"wp","href":"https:\/\/api.w.org\/{rel}","templated":true}]}}